+ -42)
9
Evaluate 2724 + -2724 + (0 - (11 + -1)).
-10
Calculate (-9 - -7) + 7 + -3 + -20.
-18
Calculate 4 + -4 + -8 + -7 + 10.
-5
What is the value of -45 + (-12 + 37 - -3)?
-17
Calculate -4 - (-1 + -2) - (-16 + -6 - -27).
-6
(22 - 11) + 12 + -3
20
Evaluate (-1 - -17) + (-261 - -236) - (2 - 1).
-10
What is 17 + 2 - (15 + (-3 - 13))?
20
(34 - 20) + -21 + 12 + 0
5
What is the value of -4 + -20 + 22 + -26?
-28
(3 - (-4 + 15)) + -1 + -2 + 10
-1
What is the value of 9 + (-25 + -4 - -7)?
-13
What is the value of 16 + 15 + -24 + 3 - (-2 - 5)?
17
Calculate -24 + 11 + 3 + (0 - -2).
-8
What is (14 - (25 + -9 - 9)) + -7?
0
What is the value of -16 + (8 - -2 - 6)?
-12
Evaluate -5 + (7 - 0 - 13).
-11
What is 736 + -739 + 1 + -10 + 0?
-12
Calculate (-10 - -25) + -7 + 2 + -24.
-14
What is the value of (31 - 35) + (2 - -5) - (9 + 4)?
-10
What is the value of -23 + 52 + -3 + -47?
-21
What is 0 - -4 - (3 + 4 + -7)?
4
What is the value of -16 + (15 + -16 - 2)?
-19
What is (-70 - (-8 + -65)) + -1 + 23 + 1?
26
Calculate 5 + (-11 + (1 - -16) - 14 - -33).
30
What is (175 - 131) + (1 - 37)?
8
What is -32 + 37 + -11 + 1 + -21 - -1?
-25
What is 13 + (4 - (-7 - 1 - (-8 + 0)))?
17
Evaluate (-3 - 1) + (7 - 9) + 5.
-1
What is 5 + (-25 + 44 - (6 + -1))?
19
Calculate 0 - (9 - 7 - -6).
-8
(-1 - -12) + (20 - 26 - 18)
-13
2 + -8 + 37 + -45 - (-20 + 27)
-21
What is 6 - 17 - (-15 + 29 + -12)?
-13
Evaluate 3 + (-10 - -7 - 1) + 1 + 1.
1
What is 14 - 25 - 2 - (-8 - 0)?
-5
What is -5 + 0 + (29 - ((14 - -10) + -14))?
14
Evaluate -18 - (-2 - (20 + -5)).
-1
What is -14 + 3 + 1 + (13 + -2 - 13)?
-12
4 - (3 + (-7 - -3) + 10)
-5
Evaluate 19 - (-4 - (5 + 5 - 17)).
16
What is the value of 18 - (-21 - -43) - (5 - 9 - 31)?
31
What is the value of -7 - (12 + 1 - 4) - 2?
-18
((2 - 9) + 13 - 5) + 5 + 2
8
Calculate 1 - ((2 - 3) + 8) - 4.
-10
Evaluate (-2 - (0 + -6) - -5) + -23.
-14
Evaluate -26 - -26 - (-5 + 5 + 3).
-3
(2 - (-17 + 0 + 0)) + 3238 + -3240
17
What is the value of 666 + -647 - (5 + 0)?
14
Calculate -10 - (20 + (17 - 58)).
11
(4 - (7 + -1)) + 6 + (-9 - -2)
-3
Evaluate (-24 - -14) + -4 + 1.
-13
Calculate 9 - (44 - 18) - -4 - 9.
-22
Evaluate 25 - 6 - (0 + 11).
8
Calculate -5 - -3 - (0 - 3).
1
-14 + 42 - 0 - 33
-5
What is 11 + -9 - -19 - (-2 + 0 + -1)?
24
What is the value of 2 - 1 - 5 - (447 - 463)?
12
What is the value of 3 - ((-9 - -4) + 6 + -18)?
20
What is the value of (3 - ((1 - -1) + 9)) + 14 + 6?
12
Evaluate 8 - 26 - (0 - (0 - -8)).
-10
What is -10 - (0 + -11 - (35 - 51))?
-15
What is the value of -2 + -3 + -5 - (-51 + 35)?
6
What is -567 + 568 - (31 - 1)?
-29
Calculate -5 - (-42 - -19 - -3).
15
Calculate -1 + 0 + 5 + (74 - 81) + 13.
10
Evaluate 7 + (1 - -5 - 9) + (-3 - -8).
9
Calculate 28 + (1 - 5) + -4 + -2.
18
2 + -1 + (10 - 2) - (33 + -37)
13
Evaluate 17 + -20 + 0 + 24.
21
7 - 4 - (-4 - (8 - 1 - 2))
12
Evaluate 37 + -24 - (-7 - -37).
-17
Evaluate 17 + (28 - (-16 + 38)).
23
What is 1 + -5 + 1 + -17 + 10 + 11?
1
What is the value of 2 - (4 - (-8 + 8 + -3)) - 4?
-9
Evaluate -6 - (0 - (1 + 6 + -6)).
-5
Calculate 2 - -5 - 9 - (2 + 0).
-4
What is (-29 - 7) + 21 - -8?
-7
Calculate (0 - -7) + 2 + -2 - 4 - 17.
-14
Calculate -11 - (-8 + (7 - 0) + -14).
4
Calculate 7 - (-32 - (-28 - 14)).
-3
-2 - (-4 + -2 + 4) - (0 + -10)
10
What is the value of 15 + (3 - 16 - -1)?
3
What is the value of -2 + 4 + (-5 - -9) + (0 - 16)?
-10
Evaluate (-10 + 1 - (17 - 22)) + 9 + -12.
-7
Calculate 20 + (-45 - (2 + -14)).
-13
Calculate 48 - (49 + (4 - 17) + -17).
29
What is -35 - (-36 - -16) - (-5 + 3 - -8)?
-21
34 - (34 - 13) - 26
-13
Calculate 1 + (0 - 0) + (35 - (12 - -13)).
11
Calculate -12 + -20 + 32 - 0.
0
Evaluate 0 - 8 - (11 - 22 - -1).
2
(6 + -1 - (218 - 208)) + 2 + -1
-4
(-1 - (9 + (-7 - -2))) + (-6 - -17)
6
Evaluate 0 + (-9 - -8 - 10).
-11
Calculate 30 - ((-17 - -19) + (-2 - -13 - 6)).
23
Calculate 15 - (20 + 18 + -48).
25
-6 + (-12 - 3) + 7 + 0
-14
Calculate (8 + -26 - -27) + -25.
-16
Evaluate -25 + 1 - (-47 - 1).
24
Calculate -7 + -1 + (0 - -6) + 2 + -2.
-2
Evaluate 1 - (3 - 7) - 0 - (0 + 12).
-7
What is -6 + (24 - 33) - -21?
6
-12 + (-2 - -17) + -6 - (-18 + 13)
2
What is 6 + (3 - 4) - (-5 + 0 - 1)?
11
What is the value of 20 - ((-4 - -1) + 1) - (4 + 1)?
17
(4 - -1) + (-216 + 231 - (9 + -1))
12
Calculate -7 + 2 + 5 + 4 + -12 + -8.
-16
Evaluate -9 + (-1 - (-2 - -10)) - (6 + -3).
-21
What is the value of -113 - -121 - (-2 + -1)?
11
What is the value of (6 - -3) + 1 + 9 + (-16 - -11)?
14
What is (-41 + 19 - -61) + -26?
13
Evaluate -7 - (-2 - (11 + -4) - -20).
-18
What is 40 + -19 + -9 + (-2 - (1 - 2))?
11
15 + (26 - (-12 - -39))
14
27 - 8 - -5 - (11 - 2)
15
(19 + -20 - 5) + 14
8
Calculate (-410 + 440 - (3 + 35)) + (-13 - -1).
-20
Evaluate -55 + 13 + 21 + (-2 - -7).
-16
Evaluate 3 + (6 - 0 - 1) + (9 - 7).
10
Evaluate 1276 - 1267 - (-1 + 22).
-12
Calculate -2 + 4 + (8 + -6 - 3 - 6).
-5
What is (-3 - -4) + (12 - 5) - (-1 - 6)?
15
What is -3 + (9 - 10) - -2?
-2
-12 + (53 - (-5 + 12 + 6))
28
What is -22 + 4 + (-7 - 5) - -7?
-23
What is the value of 16 + -8 - (0 + (-8 - 1))?
17
What is -16 - ((-8 - -9) + (7 - (4 + 0)))?
-20
What is the value of 38 + -37 + (9 - 2)?
8
Calculate -6 - (-13 - -11 - 13).
9
-15 + -2 - (512 - 501)
-28
(-7 - -10) + -12 + 3 + (-14 - 1)
-21
Calculate (2 - (-3 + 2)) + (11 - 1).
13
Evaluate 1 - -11 - (-5 - 2 - (-11 + 0)).
8
What is the value of 17 + (2 - -2 - 0) + -10?
11
Calculate -7 + -2 - ((-2 - 1) + 2).
-8
What is the value of -10 - (-1 + 7 + -17 + 0)?
1
Evaluate -27 + 28 - 5 - -5.
1
What is the value of 23 - (-15 + (-3 - 0) + (27 - 21))?
35
Evaluate (15 - 1) + -13 + 43 + -24.
20
What is the value of -16 + (27 - -2) + 2?
15
What is 13 + 27 + -59 + 42?
23
Calculate 8 + 3 - (-4 + (3 - (-4 + 0))).
8
Evaluate (106 - 111) + -3 + 0.
-8
What is 2 - 2 - (-17 - (13 - 16) - -10)?
4
Calculate -2 + -2 + 21 + -8 + (8 - 5).
12
What is (-4 - (11 - 24)) + -14?
-5
Calculate 4 - (-5 + (-1 - (-20 + -2))) - -1.
-11
Evaluate 16 + (11 - 2) - (-1 - -7 - -3).
16
What is 2 - 5 - (9 + -4 + -5)?
-3
Evaluate -42 - -42 - ((4 + -9 - -2) + 5).
-2
What is 62 - 58 - (17 - (-3 + -4 + 8))?
-12
Calculate 4 + 0 + -6 + -15 + 13.
-4
Calculate -14 + 1 + 73 + (63 - 107).
16
What is -6 + (-4 + 3 - 3) + -31 + 23?
-18
What is -1 + -3 - ((0 - 0) + 0 + 2)?
-6
1 - 11 - (56 + -45 - (11 - 0))
-10
What is the value of (-3 - -4) + 3 - 6?
-2
What is -1 + 6 - -2 - (-6 - (-7 - 4))?
2
Calculate (-3 - (23 - 16)) + (1 - -15).
6
Evaluate (-4 - -1) + 17 + -130 + 103.
-13
(-3 - (-1 - -5)) + 1 + (-66 - -58)
-14
What is (7 + -1 - 3) + -11 + 0 + -9?
-17
What is the value of -11 + (15 - 13 - (2 + -2))?
-9
What is 5 - (-1 - -1 - (35 + -33) - -7)?
0
6 + (3 - (0 + -11 + 8)) + -2
10
What is the value of -2 + -9 + (4 - 3) + -1?
-11
What is -25 - -21 - (1 + -11 + -3 - 0)?
9
Evaluate -387 + 409 + (1 - 21).
2
What is -1 + -8 - 5 - (-7 + 21)?
-28
(-6 - (-5 - 11)) + -12
-2
Evaluate 2 - -10 - ((-9 - 1) + 8 + 0).
14
Evaluate -15 - (-16 - (-2 - (34 + -13))).
-22
Calculate 8 + -8 - 10 - ((7 - 5) + 6).
-18
Calculate (10 - 6 - -5) + -7.
2
What is -8 + -1 - (8 - 14 - -13)?
-16
What is 0 - (-3 - (9 - (20 + 1)))?
-9
(11 - (30 - (13 + -6))) + 6
-6
What is the value of -15 + 18 + -11 - 6 - -11?
-3
-48 + 2 + -2 + -194 + 209
-33
Evaluate (-1 - -12) + (0 + 10 - 6) - 5.
10
Calculate 3 - (-33 - (-6 + -52)).
-22
Evaluate 10 + 0 - (65 - 71) - 4.
12
What is -1 - (3 - (3 + 1))?
0
Evaluate 3 - (10 + 0 + 1) - (-365 + 346).
11
Evaluate 3 - (28 + (-14 + 10 - 1)).
-20
9 - (7 - (-10 + -1 + 16))
7
What is the value of (-19 - 1) + -109 + 131?
2
Calculate (-2 - 21) + (-21 - (-4 - 24)).
-16
What is 40 + (-33 - -6) + 1 + 1?
15
(25 + -35 - 2) + 39
27
1181 + -1130 + (1 - 21)
31
Evaluate -23 + (-21 - -36) + -6.
-14
75 + 17 + -28 + -31
33
-23 - (-23 - (-14 + 8))
-6
What is -9 + 6 - 4 - 8 - -33?
18
Evaluate (-5 - 4) + -3 + (4 + -1 - -5).
-4
-2 - (-3 - (1 + 8 + -8))
2
What is the value of (6 - -2) + -19 - -22?
11
What is the value of 0 - 2 - 1 - (19 + (-25 - -11))?
-8
Evaluate (-20 - (9 - (52 - 9))) + (6 - -1).
21
What is 29 + -5 + -26 - (9 - (1 - -1))?
-9
43 - 46 - (-1 + 2) - -8 - 8
-4
What is 1 + 11 + (44 - (-24 + 80))?
0
What is -7 + -6 + 25 + (16 - 7)?
21
What is the value of 4 + 2 - (7 + -18 + 11) - 6?
0
What is the value of -24 + 11 + (6 - 5) + -8 + 5?
-15
Evaluate 35 + -34 - 6 -